0 = -5*m - 5. Let q(x) = 0 - x + 0 + 3 - 4 + x**2. Determine q(m).
11
Let o(x) = 3*x + 22. Let k(c) = -2*c - 11. Let i(g) = -5*k(g) - 3*o(g). Let a be i(11). Let s(n) = -n - n**2 + 4 - 1 + 0. Determine s(a).
3
Let r(k) be the third derivative of 5*k**2 + 0*k + 0 - 1/30*k**5 + 1/3*k**3 + 1/8*k**4. Suppose 4 = -3*g + 13. Determine r(g).
-7
Suppose -3*k + 3 = 5*f, -3*k = 3*f + f. Let n(a) = -a**3 + 2*a**2 + a + 2. Calculate n(f).
-4
Let y(l) = -l**2 + 3*l - 6. Suppose -2*t = -14 + 6. Determine y(t).
-10
Let g(o) = o**2 + 5*o + 2. Let h(v) = v + 1. Let r(z) = g(z) - 5*h(z). Calculate r(-3).
6
Let f(z) = -z**3 + 6 + 4*z**2 - z - z**2 - 2 + 0. What is f(3)?
1
Let y(k) = 2*k + 3*k - 4 - 6*k. What is y(0)?
-4
Let g(l) = l**2 + 6*l + 2. Let f be g(-4). Let r(y) = 7*y + 3. Let m(h) = -4*h - 1. Let x(v) = -10*m(v) - 6*r(v). Give x(f).
4
Let a(n) = 7*n**2 - 2*n**2 - 5 + 0*n + n**3 - 3*n. Give a(-5).
10
Let t be -1*3 - (-4 + -1 + 6). Let f(y) = y**3 + 4*y**2 - 2*y + 2. Give f(t).
10
Let g(t) = 4*t + 2. Let j be (-2 - -1)/(5/15). What is g(j)?
-10
Suppose -10*d = -15 - 25. Let z(l) = 3*l. Calculate z(d).
12
Let a(s) = 7*s - 7. Let y(k) = 4*k + 8 - 2 - 11*k. Let r(w) = -6*a(w) - 7*y(w). What is r(-1)?
-7
Let t = 1 + 0. Let f(m) be the first derivative of 11*m**4/4 - m**3/3 - 2. Give f(t).
10
Let v(p) = -p**2 + p - 3. Let w(b) = b**3 + 5*b**2. Let o be w(-5). Let s be v(o). Let r be s/(-5) + (-72)/20. Let h(d) = -2*d + 2. Determine h(r).
8
Let v(u) = -u + 5. Let s(a) = a**3 - a**2 - 3*a - 4. Let x be s(3). What is v(x)?
0
Let j(y) = 11*y + 12. Let q(g) = 7*g + 8. Let k = -25 + 17. Let x(v) = k*q(v) + 5*j(v). Suppose -4*l = 7 + 13. Calculate x(l).
1
Let g(s) be the second derivative of -s**3/6 - 6*s**2 - 5*s. Determine g(-6).
-6
Suppose 2 = -4*l - x + 6, 4*l - 5*x = 28. Let k(h) = -20*h. Let v(t) = 7*t. Let b(q) = -3*k(q) - 8*v(q). Give b(l).
8
Let g(d) be the first derivative of d**3/3 - d**2/2 + 10*d + 3. Suppose -4*z + 2*i = -6, 4*z + 0*i = -2*i - 6. Determine g(z).
10
Let x(d) = d**3 - 5*d**2 - d - 1. Let m be x(5). Let k = 8 + m. Let n(g) = -g - 36 + 34 - g. Give n(k).
-6
Let i(j) = j**3 + 3*j**2 + j + 6. Let l(t) = -5*t**3 - 13*t**2 - 5*t - 25. Let d(q) = -9*i(q) - 2*l(q). Determine d(0).
-4
Let f(l) be the third derivative of l**4/24 - l**3/6 + 7*l**2. Let d be 1*(-2)/(-2) - -5. Calculate f(d).
5
Let l be -5*(1 + (-24)/10). Suppose 4*i = -i + 5*t + 15, 0 = 2*i - t - l. Let c(h) = 2*h + 4. Calculate c(i).
12
Let l(h) = -3*h**3 - h**2 - 2*h - 1. Let k be l(-1). Let y(g) = 1 + 0*g - g**k + 2*g**3 - g. Give y(1).
1
Let j(s) be the first derivative of -s**4/4 - s**3 + 2*s**2 - 3*s - 56. What is j(-4)?
-3
Let f = 16 + -15. Let t(d) = d**3 + d**2 - d + 1. What is t(f)?
2
Let d(b) = -b**2 + 4*b - 3. Let w be (6/5)/(4/10) + 1. Give d(w).
-3
Let b(h) = h**2 - 6*h. Let i be b(6). Suppose -4*d = -i*d. Let v(a) = 0*a - a**2 + a + 0*a**2 + 4. Give v(d).
4
Let g(x) = -x**3 - x**2 - 1. Suppose 2*b - 3*w = 3, -2*w + 1 + 11 = b. Let h = b - 6. Calculate g(h).
-1
Let c(d) = -7*d + 1. Let m(s) = -s + 1. Suppose 5*l - l - 24 = 0. Let w(h) = l*m(h) - c(h). Determine w(6).
11
Let r(k) be the third derivative of k**6/120 + k**5/10 + k**4/24 + k**3/2 - 8*k**2. Determine r(-6).
-3
Suppose 3 = -3*k + 6. Let r be 7/(7/2) + k. Let w(c) = -c + 2. Give w(r).
-1
Let o(h) = h - 7. Let z(j) = j**2 + 21*j - 41. Let g be z(-23). Determine o(g).
-2
Let k(r) be the third derivative of r**6/15 - r**5/60 + r**3/6 + 23*r**2. Calculate k(1).
8
Let g(n) be the first derivative of n**4/4 + n**3 - 5*n**2/2 - 20. Suppose 5*k + 0*j = -2*j + 106, 0 = -k - 4*j + 32. Suppose -5*t - k = -0*t. Calculate g(t).
4
Suppose w = 2*m - 6*m + 16, -5*w - 2*m = -8. Let u(n) = 11*n**3 - 11*n**2 - 18. Let k(q) = -4*q**3 + 4*q**2 + 6. Let d(y) = 8*k(y) + 3*u(y). Determine d(w).
-6
Let l(y) = -y**3 - 5*y**2 + 5*y - 5. Let g = 56 + -62. Give l(g).
1
Let p(y) = -y**2 - 5*y - 2. Let r be p(-4). Let t(o) = -3*o + 0*o**2 - 1 - r*o + o**2 + 5. Calculate t(3).
-2
Suppose -4*x = 2*s + 3*s + 2, -14 = 2*x - 4*s. Let k(l) = -l - 5. Give k(x).
-2
Let j(h) = -11 + 20*h - 2*h**2 + 3*h + 0 - 3. Let z(f) = f**2 - 11*f + 7. Let w(r) = 2*j(r) + 5*z(r). Give w(7).
-7
Let m be 1 - 0 - (-4 - -2). Let k(z) = -56 + 3*z - 53 + 105. Calculate k(m).
5
Let y be 2/((-3 + 1)*1). Let z(b) = -b**2 - 24 + 25 - 4*b**2. Give z(y).
-4
Let s(v) be the first derivative of -v**3/3 - 5*v**2/2 + 12*v - 5. Let r(a) = -3*a**2 - 15*a + 35. Let b(l) = 6*r(l) - 17*s(l). Give b(-6).
0
Let a = 66 + -39. Let x be 4/(-6)*a/(-18). Let b(m) = -3*m + 1. Give b(x).
-2
Let l(u) be the second derivative of -u**3/6 - u**2 + 3*u. Calculate l(6).
-8
Let q(w) = w**3 - 7*w**2 + 4*w + 8. Let a(s) = s**2 + 7*s - 12. Let o be a(-9). Give q(o).
-4
Let n be (1/(-2))/((-1)/(-4)). Let h(x) = x + 3. Let a(t) = -1. Let g(j) = n*h(j) - 6*a(j). Let p(l) = l - 1. Let f be p(0). Give g(f).
2
Let l = 0 - -2. Let g = l - 0. Let y(o) = o**3 + o - 3*o + 2*o + 2 + 6*o**g + o. Give y(-6).
-4
Suppose 4*n - 3*n = -4*c - 14, -2*n + 22 = -2*c. Let d(j) = 6*j**2 + 2*j + 3. Let t(w) = 7*w**2 + w + 4. Let m(h) = n*d(h) - 5*t(h). Calculate m(-5).
-12
Let s(v) = -7 + 73*v - 40*v - 31*v. Give s(7).
7
Let w = 30 + -25. Let l(d) be the third derivative of d**7/5040 + d**5/30 + d**2. Let n(q) be the third derivative of l(q). Give n(w).
5
Let r(x) = x - 2. Suppose 2*i - 10 = 0, 0*y - 2*i + 8 = -y. Suppose 15 = -3*g - 5*h, 3*g + y*h = 2*g - 5. Give r(g).
-7
Let c(a) be the second derivative of a**4/12 - 5*a**3/6 + 3*a**2/2 + 9*a. Give c(5).
3
Suppose 2 = 2*w, -5*h - 6 = -0*w - w. Let t(f) = -10*f**3 + f**2 - f - 1. Calculate t(h).
11
Let a(f) = f**2 + f**2 + 0*f**3 - f**3. Let z(x) = x**2 + 8*x + 8. Let g be -1 - (8 + -3 + 1). Let r be z(g). What is a(r)?
1
Let j be ((-2)/2)/((-2)/26). Let u(d) = -8*d + 1. Let l(p) = -17*p + 3. Let f(k) = j*u(k) - 6*l(k). Determine f(-6).
7
Let n be 4/(-6)*(-3)/2. Let v(x) = -35*x - 8. Let q(f) = -12*f - 3. Let o(l) = 11*q(l) - 4*v(l). Determine o(n).
7
Let w(p) be the third derivative of p**6/120 - p**5/30 + p**4/8 - p**3/6 - p**2. Let m = -2 + -3. Let l = m - -7. Calculate w(l).
5
Let h(j) be the second derivative of 2*j - 1/20*j**5 + 0 - 7/2*j**2 - 5/12*j**4 - 1/6*j**3. Give h(-5).
-2
Let h(b) = 8*b**3 - 5*b**3 + b**2 + b**3 + b - 5*b**3. What is h(-1)?
1
Let p(q) = 6*q**2 - 3*q + 1. Suppose 5*v = -8*v + 26. What is p(v)?
19
Let j(n) = -2*n**3 + 1. Let c be j(-1). Let w(m) = -m**2 + 5*m + c - 4*m + 2*m. Let p be (-50)/(-18) - (-6)/27. Give w(p).
3
Let o(l) be the first derivative of l**3 - 1/4*l**4 - 2*l + 3/2*l**2 + 2. Determine o(3).
7
Let f(p) = p**2 - 4. Let w(n) = -7*n + 2. Let l(k) = 57*k - 15. Let a(h) = -4*l(h) - 33*w(h). Let i be a(6). Suppose 7*x + i = 3*x. What is f(x)?
5
Let k be (-2)/9 - (-20)/9. Let v(d) = k*d**2 + 0*d - 1 + 2*d + 8*d**2 - 11*d**2. Let n be -1*(1*-2 - -1). Determine v(n).
0
Let h(f) = f - 12. Let o be h(7). Let z(w) = w**3 + 5*w**2 - 4*w + 6. Let t(g) = -g**2 + g - 1. Let q(k) = o*t(k) - z(k). Calculate q(0).
-1
Let j(f) = -f - 4. Let r = -7 - -6. Let m be (-3)/(((-1)/r)/1). Let b be (m - -2) + (-1)/(-1). Calculate j(b).
-4
Let l(u) = 4*u + 1. Let d(x) = 12*x + 4. Let i(j) = -3*d(j) + 10*l(j). Determine i(3).
10
Let t(q) = 2 - 2 - 10*q. Let n be (-3)/5 + (-2)/5. What is t(n)?
10
Suppose -23*l - 25 = -18*l. Let b(k) = -k**2 - 6*k + 4. Give b(l).
9
Suppose 2*m = 4*z - 2, -3*m - 5*z + 1 = -7. Let i = 4 - 1. Let b(j) = -j - i*j**2 - 1 + j. Give b(m).
-4
Suppose o - 10 + 4 = -n, 0 = 3*o + 5*n - 24. Suppose -c + 2*t = 1, o*t + t = -8. Let f(p) be the second derivative of -p**3/3 - 2*p**2 - 4*p. Determine f(c).
6
Suppose 0 = -g - 5*q + 10, 0 = -4*g - 0*g + 2*q + 18. Let c(a) = 0*a + 4 + 1 - a**3 + 0*a + g*a**2. Calculate c(5).
5
Let t(r) = r**3 - r**2 - 3*r + 3. Suppose -3*m + 1 + 2 = 0. Suppose -z = -1, 2 = 2*p - z - m. Give t(p).
1
Let x = 13 + -10. Let b(d) = 0 - 2*d + 0*d - 2 + 3 - x*d**2. What is b(1)?
-4
Let p(r) = r. Let z be p(5). Let q(x) = -x**3 - 4*x**2 - x**2 + 3*x + z - 2*x - 1. Let b be (-1)/((-2)/(-4)) + -3. Calculate q(b).
-1
Let a(j) = j**3 + j**2 - 3*j - 3. Suppose -4*p = 3*m + 2, 2*m - 2 = -p - 5. Calculate a(m).
-1
Let t = 99 - 97. Let z(x) = 3*x - 3. Calculate z(t).
3
Suppose -8 = -3*n - 23. Let p be -1 + 2 + 3 + 0. Let y(c)